= 4*r + 52. Let t be k(-12). What is the remainder when z is divided by (4 - (-129)/6) + 2/t?
23
Suppose 3*h + 2*h = -3*g + 356, 466 = 4*g - 2*h. Let p = 138 - g. What is the remainder when 62 is divided by p?
20
What is the remainder when 0 + 155 + -1 + 12 + -9 is divided by 20?
17
Suppose 3*d + 2*u - 9 = 2, -10 = -5*d + 5*u. What is the remainder when 23 is divided by d?
2
Let i = 107 - 105. Suppose -2*z = 2*n - 2, -i*z = -3*n + 6*n. What is the remainder when 6 is divided by z?
0
Calculate the remainder when 347 is divided by -73 - -163 - 2/(2/3).
86
Let n = 1 + -1. Let x = 1 + n. Suppose -21 = -0*v - v - 4*d, 0 = -v + 4*d - 19. Calculate the remainder when x is divided by v.
0
Suppose -12*u + 22 + 230 = 0. Calculate the remainder when -3*3/(-9)*101 is divided by u.
17
Suppose -30*x + 458 = -22. What is the remainder when 120 is divided by x?
8
Let v(n) = 67*n**2 + 170*n. Calculate the remainder when v(-3) is divided by 53.
40
Let b = -14 - -461. Calculate the remainder when b is divided by 56.
55
Calculate the remainder when ((-5)/(-10))/(10/5580) is divided by 47.
44
Let x(w) = 3*w**2 + 2*w. Let a be x(-5). Let h = 32 - 36. What is the remainder when 52 is divided by h/10 + 741/a?
8
Suppose p = 16*d - 20*d + 220, -2*d - 3*p + 120 = 0. Calculate the remainder when d is divided by 8.
6
Suppose -30 = -2*a + 5*h, 0*h - 30 = -2*a + 3*h. Let t = -535 - -544. What is the remainder when a is divided by t?
6
Let l be (-2 + 1)*(-1 + (1 - 3)). Suppose 4*u = 3*u + t + 19, -l*t = -u + 29. Calculate the remainder when 41 is divided by u.
13
Let p = 23 - 12. Let o = -7 + 15. What is the remainder when p is divided by o?
3
Suppose -4*i + 62 = -30. Let k(o) = 4*o**3 - 6*o**2 - 3*o + 1. Let w be k(3). Suppose -u = -43 - w. What is the remainder when u is divided by i?
20
Let w(u) = 28*u + 9. Calculate the remainder when 367 is divided by w(1).
34
Let i(q) = -6*q + 49. Calculate the remainder when 54 is divided by i(7).
5
Let w = -922 - -1345. What is the remainder when w is divided by 25?
23
Suppose 2*b + 72 = 26*b. Calculate the remainder when 177 is divided by b.
0
Let t be -4 - (-3)/3 - -117. Let n = t + -52. Calculate the remainder when n is divided by 13.
10
Let z(p) = p**3 + 3*p**2 + 37. What is the remainder when z(0) is divided by 3?
1
Let y(c) = 4*c - 17. Let r(f) = -5*f + 17. Let v(z) = -3*r(z) - 4*y(z). Calculate the remainder when 77 is divided by v(-3).
17
Let s = 161 + -161. Suppose -64 + 264 = 3*c + z, -2*c + 5*z + 156 = s. Calculate the remainder when c is divided by 10.
8
Suppose 0 = 5*k - 6*k + 27. Let i be 2/8 + (-27)/(-4). Suppose 3 = y - i. Calculate the remainder when k is divided by y.
7
Let i(y) = -y**3 - 19*y**2 - 16*y + 50. Calculate the remainder when 31 is divided by i(-18).
3
What is the remainder when 51 is divided by (6/30 + 2)*5?
7
Let z(c) be the third derivative of -5/6*c**3 + 1/24*c**4 + 7/60*c**5 + 0 - c**2 + 1/120*c**6 + 0*c. What is the remainder when z(-5) is divided by 14?
12
Let p(r) = r**2 - 14*r - 562. Calculate the remainder when 204 is divided by p(-18).
8
Let v(t) = t + 6. Let p be v(-3). What is the remainder when 151 is divided by p/21 + 265/7?
37
Suppose 3*s + 5*g = 31 + 55, -2*s - 5*g = -49. Let w = s + -32. Let m = -5 + 24. What is the remainder when m is divided by w?
4
Let o(z) = z**3 - 11*z**2 + 4*z - 19. Let y be o(11). Suppose -c + 102 + y = 5*l, 0 = -c - 2*l + 121. Calculate the remainder when c is divided by 30.
27
Let d(w) = -8*w**3 + w + 1. Calculate the remainder when (-8)/12*(3 - 117/2) is divided by d(-1).
5
Suppose 5*n - 124 - 16 = 0. Suppose 0 = -21*v + 22*v - n. What is the remainder when 52 is divided by v?
24
Let n(h) = 16*h - 25*h + 3*h**3 - 10*h**2 - 4*h**3 + 12. Calculate the remainder when 44 is divided by n(-9).
8
Let a(i) = 12*i + 3. Let z(w) = -23*w - 7. Let p(q) = q - 2. Let v be p(4). Let t(n) = v*z(n) + 5*a(n). What is the remainder when t(1) is divided by 8?
7
Suppose b - 3*t + 3 = -6, 0 = -3*b - 2*t + 6. Suppose k - g + 3*g - 26 = b, 3*g - 6 = 0. Calculate the remainder when 50/15*(-51)/(-2) is divided by k.
19
Suppose -2240 = -51*b + 44*b. Calculate the remainder when b is divided by 82.
74
Let v = 10 + -5. Let l(x) = 2*x**2 - 6*x + 19. Let y be l(16). Suppose v*b = y - 110. Calculate the remainder when b is divided by 17.
14
Calculate the remainder when ((-36945)/18)/((-5)/4) is divided by 7.
4
Let s(p) = 6*p**3 + 2*p**2 + 3*p. What is the remainder when s(3) is divided by (4 - 2)/((-41)/(-984))?
45
Let m be (1/(-1)*1)/((-15)/(-75)). What is the remainder when 31/((-5)/(2*m)) is divided by 7?
6
Let y(p) = 149*p**2 + 5*p + 1. What is the remainder when y(1) is divided by 13?
12
Let w(m) = 4*m**2 + 4*m + 2. Let b be 9/12 + 66/(-24). Calculate the remainder when 87 is divided by w(b).
7
Let c(i) = i**2 + 5*i + 8. Let n be c(-3). Suppose -5*k - 7*b = -3*b - 157, -6 = -n*b. What is the remainder when k is divided by 16?
13
Suppose 10*l - 50 = -0*l. What is the remainder when 43 is divided by l?
3
Let d(p) = -p**3 + 2*p**2 + 2*p - 9. What is the remainder when 178 is divided by d(-3)?
28
Suppose 111*o = 119*o - 72. Calculate the remainder when 53 is divided by o.
8
Let x(h) = -3*h - 3. Let w be x(-2). What is the remainder when (-4)/w*(-207)/6 is divided by 0 + 5*3 - -1?
14
Let v(r) = -7 + 2 - r + 1 + 1. Suppose -3*o + o = -10. Calculate the remainder when o is divided by v(-7).
1
Suppose 5*k - 170 = 2*l + 144, -238 = -4*k - 5*l. Suppose -17 + k = 3*b. Let m = -25 + 53. Calculate the remainder when m is divided by b.
13
Suppose 5*b - 23 = 57. Let t be (0 - 0)/(-7 + 5). Suppose t = -3*w + 3*i - 5*i + 178, -i = 4. What is the remainder when w is divided by b?
14
Let h = 21 + -13. Suppose 0*k - h = k. Calculate the remainder when 89 is divided by 7/(-28) - 186/k.
20
Suppose -4*s + 399 = 5*r, -s + 3*s = 2*r + 204. Suppose 5*k = -o + 53 - 17, -k + 54 = 2*o. Calculate the remainder when s is divided by o.
23
Let o = -23 + 25. Suppose -o*d = -6*d - 72. Calculate the remainder when ((-96)/d)/((-4)/(-30)) is divided by 14.
12
Let f = -11 - -3. Let v be 9 - 1 - (11 + f). Calculate the remainder when 8 is divided by v/1*(-9)/(-15).
2
Suppose h + 3*h = -31648. What is the remainder when 66 is divided by 2/(-5)*1 - h/230?
32
Suppose 7*j + 13 = 8*j. What is the remainder when 214/10 - (-4)/((-20)/(-3)) is divided by j?
9
Let j(b) = 11*b**3 - 3*b - 3. What is the remainder when j(2) is divided by 20?
19
Let s = -28 + 47. Let m = 40 - 17. Suppose -8*h + 103 = m. What is the remainder when s is divided by h?
9
Let f be (0 + 16)*35/(-70). Let j(l) = -4*l**2 - 13*l + 3*l**2 - 17 + 0*l**2. What is the remainder when j(f) is divided by 5?
3
Let z = -15 - -91. Calculate the remainder when z is divided by 22.
10
Suppose 25 - 154 = -43*f. What is the remainder when 12 is divided by f?
0
Let t(v) = v**2 + 7*v - 17. Let h be t(-14). Calculate the remainder when (-104)/6*h/(-54) is divided by 9.
8
Suppose -16 = -5*o + 19. Let y(b) = 6*b**3 - b**2 + 3*b - 3. Calculate the remainder when o is divided by y(1).
2
Let h(x) = -6*x**3 - 3*x**2 - x + 1. Suppose 227 = 3*l - 232. Calculate the remainder when l is divided by h(-2).
36
Suppose 3*n - 3*j - 66 = 2*j, 2*j = n - 22. Suppose -2*z + 48 - 10 = 5*i, 2*z = 5*i - n. What is the remainder when 15 is divided by i?
3
What is the remainder when (10/(-4))/5*(-16724)/37 is divided by 18?
10
Suppose -12*u - 783 = -21*u. What is the remainder when u is divided by 31?
25
Suppose 4*l - 160 = 15*t - 14*t, 49 = l + 2*t. Calculate the remainder when l is divided by 2.
1
Let j(d) be the third derivative of -d**4/12 - 8*d**3/3 - 7*d**2. What is the remainder when 125 is divided by j(-15)?
13
Let v = 1143 - 1092. Calculate the remainder when 255 is divided by v.
0
Suppose -10*c - 239 = -12*c - 5*q, 251 = 2*c + q. What is the remainder when c is divided by 33?
28
Let x = -121 + 10. Let l = -85 - x. What is the remainder when 26 is divided by l?
0
Suppose -3*n - 5*x = -0*n + 194, 5*n = 2*x - 313. Let a = n - -207. Suppose 18 = -3*q + a. Calculate the remainder when 81 is divided by q.
39
Let o be 6/(-4)*-25*2. Let w = o + -28. What is the remainder when w is divided by 12?
11
Let a = 37 - 31. What is the remainder when ((-455)/21 - -2)/((-2)/a) is divided by 12?
11
Let y = -1